{"id":544,"date":"2024-03-03T11:19:15","date_gmt":"2024-03-03T10:19:15","guid":{"rendered":"https:\/\/dev.alcomnet.com\/smartic\/?post_type=product&#038;p=544"},"modified":"2024-08-28T01:41:37","modified_gmt":"2024-08-28T00:41:37","slug":"z085040nm-x-con","status":"publish","type":"product","link":"https:\/\/dev.alcomnet.com\/smartic\/produits\/z085040nm-x-con\/","title":{"rendered":"Z085040NM\/X\/CON"},"content":{"rendered":"\t\t<div data-elementor-type=\"wp-post\" data-elementor-id=\"544\" class=\"elementor elementor-544\">\n\t\t\t\t<section class=\"elementor-element elementor-element-12304705 e-flex e-con-boxed e-con e-parent\" data-id=\"12304705\" data-element_type=\"container\">\n\t\t\t\t\t<div class=\"e-con-inner\">\n\t\t<div class=\"elementor-element elementor-element-9817786 e-con-full e-flex e-con e-child\" data-id=\"9817786\" data-element_type=\"container\">\n\t\t\t\t<div class=\"elementor-element elementor-element-3c063913 zoooom elementor-widget elementor-widget-image\" data-id=\"3c063913\" data-element_type=\"widget\" data-widget_type=\"image.default\">\n\t\t\t\t<div class=\"elementor-widget-container\">\n\t\t\t<style>\/*! elementor - v3.23.0 - 05-08-2024 *\/\n.elementor-widget-image{text-align:center}.elementor-widget-image a{display:inline-block}.elementor-widget-image a img[src$=\".svg\"]{width:48px}.elementor-widget-image img{vertical-align:middle;display:inline-block}<\/style>\t\t\t\t\t\t\t\t\t\t<img decoding=\"async\" width=\"158\" height=\"315\" src=\"https:\/\/dev.alcomnet.com\/smartic\/wp-content\/uploads\/2024\/03\/Z085040NMXCON.jpg\" class=\"attachment-large size-large wp-image-545\" alt=\"Z085040NM\/X\/CON\" srcset=\"https:\/\/dev.alcomnet.com\/smartic\/wp-content\/uploads\/2024\/03\/Z085040NMXCON.jpg 158w, https:\/\/dev.alcomnet.com\/smartic\/wp-content\/uploads\/2024\/03\/Z085040NMXCON-150x300.jpg 150w\" sizes=\"(max-width: 158px) 100vw, 158px\" \/>\t\t\t\t\t\t\t\t\t\t\t\t\t<\/div>\n\t\t\t\t<\/div>\n\t\t\t\t<div class=\"elementor-element elementor-element-5545f1f zoooom elementor-widget elementor-widget-image\" data-id=\"5545f1f\" data-element_type=\"widget\" data-widget_type=\"image.default\">\n\t\t\t\t<div class=\"elementor-widget-container\">\n\t\t\t\t\t\t\t\t\t\t\t\t\t<img fetchpriority=\"high\" decoding=\"async\" width=\"1024\" height=\"1024\" src=\"https:\/\/dev.alcomnet.com\/smartic\/wp-content\/uploads\/2024\/03\/CFP-01-1024x1024.jpg\" class=\"attachment-large size-large wp-image-1164\" alt=\"\" srcset=\"https:\/\/dev.alcomnet.com\/smartic\/wp-content\/uploads\/2024\/03\/CFP-01-1024x1024.jpg 1024w, https:\/\/dev.alcomnet.com\/smartic\/wp-content\/uploads\/2024\/03\/CFP-01-300x300.jpg 300w, https:\/\/dev.alcomnet.com\/smartic\/wp-content\/uploads\/2024\/03\/CFP-01-150x150.jpg 150w, https:\/\/dev.alcomnet.com\/smartic\/wp-content\/uploads\/2024\/03\/CFP-01-768x768.jpg 768w, https:\/\/dev.alcomnet.com\/smartic\/wp-content\/uploads\/2024\/03\/CFP-01-60x60.jpg 60w, https:\/\/dev.alcomnet.com\/smartic\/wp-content\/uploads\/2024\/03\/CFP-01.jpg 1042w\" sizes=\"(max-width: 1024px) 100vw, 1024px\" \/>\t\t\t\t\t\t\t\t\t\t\t\t\t<\/div>\n\t\t\t\t<\/div>\n\t\t\t\t<\/div>\n\t\t<div class=\"elementor-element elementor-element-11eac632 e-con-full e-flex e-con e-child\" data-id=\"11eac632\" data-element_type=\"container\">\n\t\t\t\t<div class=\"elementor-element elementor-element-cb83acb elementor-widget elementor-widget-text-editor\" data-id=\"cb83acb\" data-element_type=\"widget\" data-widget_type=\"text-editor.default\">\n\t\t\t\t<div class=\"elementor-widget-container\">\n\t\t\t<style>\/*! elementor - v3.23.0 - 05-08-2024 *\/\n.elementor-widget-text-editor.elementor-drop-cap-view-stacked .elementor-drop-cap{background-color:#69727d;color:#fff}.elementor-widget-text-editor.elementor-drop-cap-view-framed .elementor-drop-cap{color:#69727d;border:3px solid;background-color:transparent}.elementor-widget-text-editor:not(.elementor-drop-cap-view-default) .elementor-drop-cap{margin-top:8px}.elementor-widget-text-editor:not(.elementor-drop-cap-view-default) .elementor-drop-cap-letter{width:1em;height:1em}.elementor-widget-text-editor .elementor-drop-cap{float:left;text-align:center;line-height:1;font-size:50px}.elementor-widget-text-editor .elementor-drop-cap-letter{display:inline-block}<\/style>\t\t\t\t<h3><span style=\"color: #f6921e;\">Description<\/span><\/h3><p><strong>Panneau ZFP 8 boucles avec 40 LED de zone (Z47), bloc d&rsquo;alimentation \u00e9valu\u00e9 \u00e0 5 amp\u00e8res<\/strong><\/p><ul><li>Le mod\u00e8le de panneau Context Plus ZFP Z085040NM\/X\/CON est un panneau d&rsquo;incendie adressable intelligent, contr\u00f4l\u00e9 par \u00e9cran tactile, riche en fonctionnalit\u00e9s, avec 8 boucles adressables et 40 indicateurs LED zonaux programmables.<\/li><li>Apprentissage rapide en boucle, causes et effets flexibles et diagnostics syst\u00e8me puissants. Ces fonctionnalit\u00e9s + SafeMode et un DeviceManager unique se combinent pour faire du Context Plus ZFP l&rsquo;un des panneaux de contr\u00f4le les plus conviviaux du march\u00e9.<\/li><li>L&rsquo;option de r\u00e9seau RS485 \u00e0 haute int\u00e9grit\u00e9 et tol\u00e9rante aux pannes permet jusqu&rsquo;\u00e0 128 n\u0153uds de r\u00e9seau (64 panneaux principaux et 64 contr\u00f4leurs compacts).<\/li><li>Cartes d&rsquo;extension \u00ab\u00a0A-Bus\u00a0\u00bb en option, installations de pagination et d&rsquo;interface graphique.<\/li><li>Outils de programmation PC intuitifs.<\/li><li>Interface \u00e0 \u00e9cran tactile couleur tr\u00e8s conviviale.<\/li><\/ul>\t\t\t\t\t\t<\/div>\n\t\t\t\t<\/div>\n\t\t\t\t<\/div>\n\t\t\t\t\t<\/div>\n\t\t\t\t<\/section>\n\t\t\t\t<\/div>\n\t\t","protected":false},"excerpt":{"rendered":"<p>Description Panneau ZFP 8 boucles avec 40 LED de zone (Z47), bloc d&rsquo;alimentation \u00e9valu\u00e9 \u00e0 5 amp\u00e8res Le mod\u00e8le de panneau Context Plus ZFP Z085040NM\/X\/CON est un panneau d&rsquo;incendie adressable intelligent, contr\u00f4l\u00e9 par \u00e9cran tactile, riche en fonctionnalit\u00e9s, avec 8 boucles adressables et 40 indicateurs LED zonaux programmables. Apprentissage rapide en boucle, causes et effets [&hellip;]<\/p>\n","protected":false},"featured_media":545,"template":"","categorie-product":[24],"class_list":["post-544","product","type-product","status-publish","has-post-thumbnail","hentry","categorie-product-centrales-de-detection-incendie"],"_links":{"self":[{"href":"https:\/\/dev.alcomnet.com\/smartic\/wp-json\/wp\/v2\/product\/544","targetHints":{"allow":["GET"]}}],"collection":[{"href":"https:\/\/dev.alcomnet.com\/smartic\/wp-json\/wp\/v2\/product"}],"about":[{"href":"https:\/\/dev.alcomnet.com\/smartic\/wp-json\/wp\/v2\/types\/product"}],"version-history":[{"count":10,"href":"https:\/\/dev.alcomnet.com\/smartic\/wp-json\/wp\/v2\/product\/544\/revisions"}],"predecessor-version":[{"id":1167,"href":"https:\/\/dev.alcomnet.com\/smartic\/wp-json\/wp\/v2\/product\/544\/revisions\/1167"}],"wp:featuredmedia":[{"embeddable":true,"href":"https:\/\/dev.alcomnet.com\/smartic\/wp-json\/wp\/v2\/media\/545"}],"wp:attachment":[{"href":"https:\/\/dev.alcomnet.com\/smartic\/wp-json\/wp\/v2\/media?parent=544"}],"wp:term":[{"taxonomy":"categorie-product","embeddable":true,"href":"https:\/\/dev.alcomnet.com\/smartic\/wp-json\/wp\/v2\/categorie-product?post=544"}],"curies":[{"name":"wp","href":"https:\/\/api.w.org\/{rel}","templated":true}]}}